*g - 38. List the prime factors of u(n).
79
Let t(h) = 7*h + 3. Let w(b) = -7*b - 2. Let v(a) = 2*t(a) + 3*w(a). Let n be v(1). List the prime factors of (1*4)/(n/(-56)).
2
Suppose -5*x + 525 = h, -9*h + 14*h = 3*x + 2681. What are the prime factors of h?
5, 107
Suppose 0 = -27*y - 6101 + 38690. List the prime factors of y.
17, 71
Suppose -31*p - 69 = -32*p. Let t = 156 - p. What are the prime factors of t?
3, 29
Let j = 1913 - 658. What are the prime factors of j?
5, 251
Let b be (-1)/1*0/(-2). Suppose -4*d + 8*d - 236 = b. What are the prime factors of d?
59
Let s(y) = -y**3 + 7*y**2 + y. Let m be s(7). Suppose -9*p = -m*p + 92. Let r = -20 - p. List the prime factors of r.
2, 13
Let u = 244 - 100. What are the prime factors of u?
2, 3
Let n(p) = p**3 - 23*p**2 + 113. What are the prime factors of n(27)?
13, 233
Let u be (-18)/(-30) - 606/10. Let n = 111 + u. What are the prime factors of n?
3, 17
Suppose 0 = -5*l - 3*d + 47, 4*l = -2*d + 2 + 36. Let n be l + -8 - (-1 - -1). Suppose -w + 18 + n = 0. What are the prime factors of w?
2, 5
Let i = -45 + 43. List the prime factors of i/(2/(-65))*(-6 + 7).
5, 13
Suppose -3*l - 650 = -8*l. Suppose 3*s - l = s. What are the prime factors of s?
5, 13
Let k(h) = 2*h**2 + h - 4. Let o be k(-2). Suppose -o*j = 5*r - 7*r + 20, 5*j = 15. List the prime factors of (2 - (3 - r)) + 3.
3, 5
Suppose -6*t + 50 = 8. Suppose -t*f + 168 + 42 = 0. List the prime factors of f.
2, 3, 5
Suppose v + 352 = 2*d + 17, 513 = 3*d + 2*v. List the prime factors of d.
13
Suppose 5*y - 216 = -2*s, -4*s - 153 - 3 = -4*y. Suppose -3*b - y + 429 = 0. List the prime factors of b.
3, 43
Suppose 4*p - 6*p = -4. Let j = p + -2. Suppose r - 29 = -j*r. What are the prime factors of r?
29
Suppose -5*o + 16325 = 5*k, 0 = k - 3*o - 2507 - 766. List the prime factors of k.
3, 11
Let j(u) = 534*u**2 - 9*u + 9. List the prime factors of j(1).
2, 3, 89
Let n be (-18)/6*(-4)/6. Suppose -4*s + 186 = -n*v, 2*v = v - 5. Suppose w + 1 = s. List the prime factors of w.
43
Let r(p) = 2*p**2 - 8*p + 9. What are the prime factors of r(-10)?
17
Suppose 0 = -4*q + 1716 + 188. What are the prime factors of q?
2, 7, 17
Let o = 38 - 62. What are the prime factors of (-3)/(-4) + (-3102)/o?
2, 5, 13
Suppose -46239 - 28101 = -45*h. List the prime factors of h.
2, 7, 59
Let b(k) be the second derivative of k**4/12 - 5*k**3/6 - 9*k**2/2 - 3*k. Let p = 41 - 32. What are the prime factors of b(p)?
3
Suppose 5*a + 5*g - 14375 = 0, -5*a + 2*g - 2055 = -16430. What are the prime factors of a?
5, 23
List the prime factors of (-142)/((-9)/(-27)*(-6)/18).
2, 3, 71
Let l(z) = 78*z**2 + 9*z - 34. List the prime factors of l(3).
5, 139
Let l(p) = 2*p**2 - 34*p - 10. What are the prime factors of l(-14)?
2, 3, 11, 13
Let s be (-3)/(-2) - 105/(-2). Let u = -87 - -54. Let g = s + u. List the prime factors of g.
3, 7
Suppose 534 = 3*h - 399. List the prime factors of h.
311
Suppose 19120 + 1309 = 31*q. What are the prime factors of q?
659
Let j = -4410 - -6411. What are the prime factors of j?
3, 23, 29
Suppose -2*w - 3*i = -865, 0*w - 4*i + 2145 = 5*w. What are the prime factors of w?
5, 17
Let k(g) be the third derivative of -g**4/24 + 5*g**3/6 - 5*g**2. Let c be k(7). Let d = c - -15. What are the prime factors of d?
13
Let m(a) = 337*a**2 - 5*a - 7. List the prime factors of m(-2).
7, 193
Let a(i) = -i - 6. Let u be a(-8). Suppose 3*w + 2*w = 2*b + 16, -2*b = u*w - 12. Suppose -2*z + b*y = 4*y - 64, 0 = -y + 2. List the prime factors of z.
2, 3, 5
Suppose 0 = 2*b + 3*b - 15. Suppose 0*o - b*a = -5*o - 14, -2*a = -6. Let y = o + 32. List the prime factors of y.
31
Suppose -2*z = 10*d - 5*d - 2820, -5*z = d - 541. List the prime factors of d.
2, 283
Let x(w) = 43*w**2 - 16*w + 23. What are the prime factors of x(-6)?
1667
List the prime factors of 0 - 643/(0 + -1).
643
Suppose v + 1847 = p, -7*p + 4*p + 5506 = 4*v. List the prime factors of p.
2, 3, 307
Suppose 3*i - 12960 = -17*i. List the prime factors of i.
2, 3
Let b = 344 - 191. List the prime factors of (b/6)/((-3)/(-6)).
3, 17
Let v(g) be the third derivative of 4*g**2 + 5/24*g**4 + 0 + 0*g + 1/60*g**5 - g**3. What are the prime factors of v(5)?
2, 11
Suppose -16 + 24 = 4*z. Suppose y + 354 = -0*f + 4*f, -z*f - 2*y + 182 = 0. List the prime factors of f.
89
Suppose 0 = -0*j - 10*j. Suppose 3*v - 417 = -j*v. What are the prime factors of v?
139
Let d be 2/5*(-2 - -6 - 34). Suppose -70 = 4*q + 2*k, 0 = -q - k - 25 + 6. Let s = d - q. What are the prime factors of s?
2
List the prime factors of -7 - (15/60 - 39218/8).
5, 11, 89
Let m be (-24)/4 - -3 - -102. Suppose a - 80 = -d + 7, -d - 4*a = -m. Suppose 2*q + 7 - d = 0. List the prime factors of q.
2, 19
List the prime factors of ((-6)/(-8))/(54/252)*96.
2, 3, 7
Suppose 4*v + 5*i - 8823 = -2373, 4838 = 3*v + 4*i. List the prime factors of v.
2, 5, 7, 23
Let t(b) = -b**3 + 9*b**2 - 11*b + 9. Let h be t(7). Suppose -4*j + h = -5*j. What are the prime factors of (-410)/j + 2/(-3)?
13
Let l = 3982 - 2693. What are the prime factors of l?
1289
Let a(f) = -120*f + 57. What are the prime factors of a(-6)?
3, 7, 37
Suppose -2*q + 2 = -3*q, 4*l - 120 = 4*q. Suppose -l = -7*s + 224. List the prime factors of s.
2, 3
Let i = -10358 + 14902. What are the prime factors of i?
2, 71
Suppose 5*l = y + 55, 0 = -3*l + y + 13 + 20. Suppose -19 = -3*q - 0*p - 2*p, 0 = -3*q + 4*p - l. Suppose 8*s - 60 = q*s. What are the prime factors of s?
2, 3
Suppose 0*u - 2*u - 5*l = -452, 3*l = 2*u - 484. List the prime factors of u.
2, 59
Let d = 3 + 8. Suppose -3*z + 4 = -d. Suppose 52 = -z*c + 157. List the prime factors of c.
3, 7
Let d(k) be the second derivative of 4*k**2 + 0 - 3/2*k**3 - 1/20*k**5 + 5/6*k**4 + 2*k. List the prime factors of d(9).
2
Let t = 505 - -346. What are the prime factors of t?
23, 37
Let w be (-1)/(-4*1/(-20)). Let b = 12 + w. List the prime factors of b.
7
Suppose u + 830 = 3*v - 1041, -2*u + 1250 = 2*v. Suppose -2*f + z + 312 = 0, 4*f + 0*z + z = v. What are the prime factors of f?
2, 3, 13
Suppose -6*w + 290 = -754. What are the prime factors of w?
2, 3, 29
Let a(b) = -b**3 - 9*b**2 + 2*b - 12. Let l be 2/(-3)*(15 - 0). What are the prime factors of a(l)?
2, 17
Let z(y) = -182*y**3 + 0*y**2 + y - 6 + 2*y**2 + 6. What are the prime factors of z(-1)?
3, 61
Suppose -13*r + 17*r = 672. List the prime factors of (r/(-63))/(1/(-48)).
2
Let j be (-16)/20*(-15)/(-2). Let x be (-82)/(-4) + 3/j. Suppose -p + 97 = 2*p + 4*v, 5*v - x = 0. List the prime factors of p.
3
Suppose -5*m = -4*t + 2563, -21*t + 5*m = -16*t - 3200. What are the prime factors of t?
7, 13
Suppose -4*x + 2 = -v - 7, 2*v + x = 18. Suppose 0 = 4*b - 3 + 11, 13 = 3*c - 5*b. Let d = c + v. What are the prime factors of d?
2
Suppose -p - 60 = 9*p. List the prime factors of ((-21)/14)/(2/p)*42.
3, 7
Suppose -422 + 4061 = 3*v. What are the prime factors of v?
1213
List the prime factors of (3 - 1)/((-16)/(-3208)).
401
Let o = -428 - -1367. List the prime factors of o.
3, 313
Suppose 3*q - 855 = -5*x, -4*q + 5*x + 1175 = -0*q. Suppose -5*g - 2*b + 111 = -q, -4*g + 326 = -b. What are the prime factors of g?
3
List the prime factors of 12/(-2) - (-1210 + 22).
2, 3, 197
Let z be (10/4)/((-1)/(-2)). Let i(k) = -27*k + 162. Let v be i(6). Suppose 2*u - z*m - 89 = v, u = -0*u - 2*m + 67. What are the prime factors of u?
3, 19
Let v(w) = -w**2 + 8*w - 6. Let i be v(8). What are the prime factors of (88/6)/(i/(-27))?
2, 3, 11
Let l be 6/16 - (-4377)/(-24). Let n = l + 324. What are the prime factors of n?
2, 71
Let v(u) = -u**3 + 20*u**2 - 9*u + 25. Let i be v(19). Let a = -128 + i. What are the prime factors of a?
3, 29
Let m(v) = -v**3 - 12*v**2 - 20*v - 1. Let z be m(-10). List the prime factors of (432/40)/(z/(-5)).
2, 3
Let c(b) = b**3 + 6*b**2 + b - 1. Suppose -2*t - 23 = -d, 85 - 29 = 2*d + t. Let m = 22 - d. List the prime factors of c(m).
19
Suppose -48 = -5*s - 3. Let t be -16*6*(-4)/32. Let b = t - s. List the prime factors of b.
3
Let i = 24 + -13. Suppose -i = -2*p - 1. Suppose 3*d - p = 67. List the prime factors of d.
2, 3
Let r(m) be the second derivative of m**5/20 - 2*m**4/3 - 3*m**3/2 + 8*m**2 + 2*m. Let h be (-3 - (-2 - 11)) + -2 + 1. What are the prime factors of r(h)?
2
Let p be (91/52)/(2/(-8)).